6. Let j(k) = -k**3 - 8*k**2 + 22*k + 27. Let u be j(-10). Suppose -3*h = 4*l - u, 11*h + l + 32 = 14*h. What is r(h)?
-6
Let c(v) = -3*v**3 - 18*v**2 - 11*v + 11. Let z be (-6)/3*(-8 + (-189)/(-18)). Determine c(z).
-9
Let l(v) = v + 9*v**2 - 5*v**2 - 128 + 130 + v**2 - 3*v**2 - v**2. Suppose -4*g + 0 = -8. Give l(g).
8
Let j(y) = 4*y**2 + 2*y - 1. Let d(i) = 9*i**2 + 3*i - 2. Let h(a) = -3*d(a) + 7*j(a). Let u(s) = -7*s**2 - s. Let r be u(2). Let n = 25 + r. Calculate h(n).
-1
Let c(u) = 36*u - 17*u - 35*u + 19*u**2 + 27 - u**3 - 2*u**2 - 2*u**2. Calculate c(14).
-1
Let l be 5/30 - (2015/(-30))/(-13). Let u(g) = -28*g + 5. Let f(n) = -28*n + 4. Let c(p) = l*u(p) + 6*f(p). Determine c(-1).
27
Let l(u) = u**3 - u**2 - 3*u + 2. Let r be (-2 - 75/10*-2) + -4. Suppose 0 = -r*z - 53 + 35. What is l(z)?
-4
Let h = -462903 - -462909. Let l(q) = -5*q + 8. Let z(c) = 15*c - 23. Let i(t) = -8*l(t) - 3*z(t). Determine i(h).
-25
Let a be ((-24)/(-54))/((-16)/(-144)). Suppose 6*k = 2*k - m + 21, k = -3*m + 8. Let r(n) = 6*n - 3 - 8*n - a*n + k. Calculate r(2).
-10
Let f = -11 - -15. Suppose 0*c - 5*v = -4*c - 2, 14 = f*c + 3*v. Let r(q) be the third derivative of 5*q**4/24 + q**3/6 - 4*q**2 + 3*q. What is r(c)?
11
Let o = -333 + 343. Let r be o/15 - ((-38)/(-3) - 1). Let g(z) = z**2 + 10*z - 6. Give g(r).
5
Let v = 7686 - 7687. Let i(z) = 51*z**2 - 3*z - 3. Determine i(v).
51
Let x(y) = -y**2 + 6*y + 10. Let h be (-10213)/49 - (-8)/(-14) - 0. Let o = h + 217. Calculate x(o).
-6
Let y(f) = f**3 - 14*f**2 + 3*f + 35. Let h = 15010 - 14996. Calculate y(h).
77
Let t(d) = 27*d**2 - d + 2. Let j(f) = -857*f - 1. Let p be j(0). Determine t(p).
30
Let c(k) be the second derivative of -k**5/60 + 7*k**4/24 - k**3/6 + 19*k**2 - 76*k. Let v(o) be the first derivative of c(o). What is v(5)?
9
Let g(k) = 20. Let u(d) = d - 47. Let r(t) = -3*g(t) - u(t). Give r(-4).
-9
Let q(l) be the first derivative of 8*l**2 - 228 + 1/3*l**3 + 28*l. Give q(-14).
0
Let i = 3838 - 3857. Let v(d) = d**3 + 15*d**2 - 76*d + 4. Calculate v(i).
4
Let j(d) be the second derivative of -d**6/720 - 11*d**5/120 + 55*d**4/12 + 213*d. Let b(n) be the third derivative of j(n). Calculate b(-10).
-1
Let x = -3867 - -3863. Let p(q) = -3*q - 17. What is p(x)?
-5
Let y(r) = -2*r**2 + 22*r - 66. Let b be y(6). Let f(t) be the first derivative of 1/2*t**2 + 2*t - 5. Determine f(b).
-4
Let y(b) = -150*b + 7 - 158*b - 152*b - 1 + 454*b. What is y(-6)?
42
Let q(r) be the second derivative of -38*r + 4/3*r**3 + 0 - r**2. Calculate q(2).
14
Let i(w) = w + 14. Let t(u) = 5*u - 309. Let x(s) = -8*i(s) - t(s). Give x(16).
-11
Let b(x) be the second derivative of x**5/20 + 4*x**2 + x + 309. Let p be ((-12)/15)/((-1)/5). Suppose -p*v + 3*v = 0. Give b(v).
8
Let d(w) = -3*w**2 + 5*w - 17. Let g(l) = -17*l**2 + 26*l - 101. Let m(i) = -23*d(i) + 4*g(i). Give m(12).
-1
Let h(q) = -4*q**3 + 2*q**2 - 2*q - 1. Let j be h(-2). Suppose -10*u + 37 + j = 0. Suppose -u*c - 15 = 25. Let z(a) = -a**2 - 4*a + 3. Calculate z(c).
-2
Let q(a) = 1 + 2*a + 4442*a**2 + 6 - 2230*a**2 - 2218*a**2 + a**3. Determine q(5).
-8
Let r(x) = -5*x**3 + 48*x**2 - 50*x + 24. Let k(d) = 12*d**3 - 114*d**2 + 117*d - 56. Let m(l) = 8*k(l) + 19*r(l). What is m(-4)?
0
Let r(i) = 2*i + 18. Suppose 25*k = 19*k + 30. Suppose -2*u - 32 = -k*h, -3*u + 0*u + h - 48 = 0. What is r(u)?
-14
Let i(v) = -5*v**2 - v + 4. Let m = -7581 + 7584. Determine i(m).
-44
Let c(l) be the second derivative of l**6/120 + l**5/12 - l**4/4 - l**3 - 7*l**2/2 - 100*l. Let w(d) be the first derivative of c(d). Give w(-6).
-6
Let m(u) = -u**3 - 3*u**2 + u - 1. Let n be (0 - 0)/(49 + -52). Suppose -2*g = -n*g + 10, -2*b + 2*g = -2. Give m(b).
11
Let q(w) = -239*w + 51. Let x(o) = 79*o - 9. Let z(g) = 3*q(g) + 10*x(g). Give z(-1).
-10
Let m(d) = -d + 1. Let i be m(-4). Suppose 5*y = 4*z + 9, -i*z + 40 = 4*y - 0*y. Let k(b) = -b**2 + 252*b - 9 + 16 - 4 - 9 - 245*b. Calculate k(y).
4
Let l(v) = 9*v + 22. Let h be l(-16). Let n = 47 + h. Let k be n/(-5)*2/(-3). Let g(u) = u**3 + 9*u**2 - 10*u - 7. Calculate g(k).
-7
Let h(k) be the first derivative of -2*k**2 + 0*k + 119 - 1/3*k**3. Give h(-5).
-5
Let a(o) = o**2 + 6*o + 3. Let p = 711 + -1379. Let k = p - -663. Give a(k).
-2
Let q(d) = -d**3 + d**2 - 6*d - 2. Suppose 7*y + 31 = 52. Calculate q(y).
-38
Let s(b) = -13*b - 29. Let n(v) = 11. Let p(t) = 3*n(t) + s(t). Calculate p(-3).
43
Let g(y) = -4*y - 1. Suppose -68 = -5*u + 667. Suppose -150*i = -u*i + 12. Give g(i).
15
Let u(d) = -11*d + 112. Let v(x) = 13*x - 110. Let n(g) = -3*u(g) - 2*v(g). Let y be n(16). Let z(k) = k**3 + 2*k**2 - 5*k + 1. What is z(y)?
-11
Let u(n) = -n**3 - 4*n**2 + 5*n - 1. Let r be 172/180*-5 + (-4)/18. Calculate u(r).
-1
Let g(c) = -c**3 + 7*c**2 - 11*c + 24. Let d = -3420 + 3426. Calculate g(d).
-6
Suppose 20 = 4*b + 4*j, 7*b - 16 = 2*b - 2*j. Let t(w) = -11 + 9*w + w**b - 8 - 11 + 17 + 0*w. Let l(r) = -10*r. Let k be l(1). Give t(k).
-3
Let b(f) = -7*f - f**3 + 3*f**2 + 10*f**2 - 4*f**2 + 10. Let n = -1506 + 1514. Determine b(n).
18
Let v(l) = -l**2 + 9*l - 5. Let c = 299 - -142. Suppose 4*s = -c + 465. Calculate v(s).
13
Let u(p) = 13*p**2 - 68*p + 91. Let y(g) = -7*g**2 + 36*g - 45. Let c(x) = 6*u(x) + 11*y(x). Calculate c(4).
19
Let s(v) be the first derivative of v**4/4 - 5*v**3 + 3*v**2 - 93*v + 475. Determine s(15).
-3
Let v be 7 - (-2)/(-6)*((13 - 13) + 9). Suppose -2*f + 0*f + 6 = 0. Let t(j) = 4 + 1 - f - 2*j. Give t(v).
-6
Let x(y) = y**2 - 5*y - 8. Let f(w) be the second derivative of -2*w**3/3 + 7*w**2/2 - 6*w. Let t be f(6). Let i = t - -24. What is x(i)?
6
Let o(a) = -14*a - 176. Suppose -5572 = -209*v + 607*v. What is o(v)?
20
Let o(x) = -8*x - 1. Let g(p) = 32*p + 6. Let n(m) = -5*g(m) - 19*o(m). What is n(-1)?
-3
Let z(t) be the second derivative of t**4/12 - 5*t**3/3 - t**2/2 + t. Let w = 31465 + -31458. Give z(w).
-22
Let q = -77 - -188. Suppose -116*l + 10 = -q*l. Let v(t) = -4*t**2 + 6*t - 3. Let r(c) = -20*c**2 + 31*c - 15. Let g(j) = 2*r(j) - 11*v(j). Determine g(l).
11
Let x(v) = -5*v**3 - 3*v**2 + 2*v. Suppose 0 = -295*j + 301*j - 6. What is x(j)?
-6
Let w(b) = -34*b**3 - 9*b + 10 + 14*b**3 + 7*b**3 - 8*b**2 + 14*b**3. Determine w(9).
10
Suppose 0 = 39*d - 0*d - 546. Let k be (d/(-77) - 0) + (-18)/22. Let s(n) = -5*n**2 + 0 - 3 + 4. Determine s(k).
-4
Let q(k) = k**3 + 7*k**2 + 2*k - 7. Let m = 3 - -1. Let f(d) = 9*d - 190. Let n be f(22). Suppose 5*z - 10*t + n*t = -22, 5*z + 46 = -m*t. Determine q(z).
17
Let z be (72/216)/((-1)/24). Let r be -1 - z/14 - 187/119. Let w(a) = 2*a**3 + 2*a - a + a - 3*a**3. Give w(r).
4
Let w(p) = 32 + 54 - 17*p + 51 + 55 - 230. What is w(-4)?
30
Let s(v) = 4*v**2 - 13*v + 5. Suppose -5*k - 271 = -42*k - 86. What is s(k)?
40
Let t(j) = 5*j**2 + 92*j + 45. Let u be t(-18). Let w be (-11 - -6 - -6)*u. Let m(o) = 6*o - 8. Give m(w).
46
Let c(u) = 10*u + 2. Let o(r) be the first derivative of 13*r**2/2 + 2*r - 153. Let w(x) = 4*c(x) - 3*o(x). Give w(-11).
-9
Let c(l) = 10*l**3 + 41*l**2 + 8*l + 13. Let n(a) = -9*a**3 - 32*a**2 - 7*a - 10. Let p(t) = -3*c(t) - 4*n(t). What is p(-1)?
-4
Let f be (6/18*4)/(8/(-12)). Let j(o) = -16*o - 4. Determine j(f).
28
Let l(n) = -9*n**2 + 20*n + 1. Let b(i) = -10*i**2 + 21*i. Let x(h) = 6*b(h) - 7*l(h). Let t be (-204)/(-544)*600/45. Calculate x(t).
-2
Let w(v) = -v**3 + 3*v**2 + 3*v - 2. Suppose -g = 5*y - 3925, 2*g - 8 + 18 = 0. Let o = y - 784. Give w(o).
8
Let b(l) = -7*l - 7 - 22*l**2 - 1 + 41*l**2 - 20*l**2. Let z(y) = y**3 + 7*y**2 + 16*y + 53. Let t be z(-6). Give b(t).
-8
Let l(y) = -3*y**2 + 2*y - 245. Let a(c) = -7*c**2 + 4*c - 492. Let q(m) = 2*a(m) - 5*l(m). Let r(h) be the first derivative of q(h). Calculate r(2).
2
Let g = -17 + 29. Let v(b) = -b + 11 - g + 0*b. Give v(-9).
8
Let q be 279/15 + (-27)/(-5). Let x(h) = h**2 - 25*h + 18. What is x(q)?
-6
Let u(k) = -4*k + 62. Suppose -15*m = -w - 13*m + 26, -5*w + m + 85 = 0. Calculate u(w).
-2
Suppose -5*m + 329 = 2*m. Let k = m - 44. Let d(f) = -7*f - 7*f**2 + 4 - f**k - 26 + 15. Give d(-6).
-1
Let r(b) = -b**2 + b + 15. Let m(v) = -v**3 - 10*v**2 - 15*v - 7. Let k be m(-7). Let z = k + 30. Let c = z + 19. Calculate r(c).
15
Suppose -4*s - 5*n = 48, 4*n + 2 = 4*s + 14. Let d(g) = -g**2 - 9*g - 19. Det